e 7*x + 5 = 2*x - 5*l, -32 = -4*x + 8*l. Suppose 0 = k - 3*k - j + 508, 0 = x*k + 5*j - 524. List the prime factors of k.
2, 3, 7
Let q(h) = h**3 - 3*h**2 - 33*h - 23. Let r be 105/10*56/42. List the prime factors of q(r).
3, 557
Suppose -16*n - 211209 = -85*n. What are the prime factors of n?
3061
Suppose -m + 0 - 7 = -4*g, 0 = -3*g + 2*m - 1. Suppose -g*a = 1291 - 4912. What are the prime factors of a?
17, 71
Let k be 1/2 + 845/10. Suppose -2*n - 253 = k. What are the prime factors of 3 + -8 - (n + 2)?
2, 3
Let n(y) = 1269*y + 46. Let f(z) = -2*z**2 - 22*z + 1. Let l be f(-11). What are the prime factors of n(l)?
5, 263
Let j(d) = d**2 + 3*d - 11. Let m be (-3 + 27/6)/((-6)/(-36)). List the prime factors of j(m).
97
Let f(i) = 6*i**2 + i + 53. Suppose -18*a + 99 = -27. List the prime factors of f(a).
2, 3, 59
Suppose -1631*y + 1648*y = 151181. List the prime factors of y.
8893
Let s be (-2)/(-6)*(-4 - -529). Let c = -32 + s. List the prime factors of c.
11, 13
Let b = 1730 + -499. Suppose -6*d + b = 4*c - d, -5*c + 1546 = -d. What are the prime factors of c?
3, 103
Let g(x) = 31*x + 13. Suppose 0 = 2*r + 35 - 35. Suppose r + 4 = v. What are the prime factors of g(v)?
137
Let v(o) = 518*o + 2888. List the prime factors of v(2).
2, 3, 109
Let r(c) = -14 - 1634*c - 4*c**2 + 1626*c - 2*c**3 + c**3. What are the prime factors of r(-8)?
2, 3, 17
Let x = -3801 + 7831. Suppose 19*g - x - 14362 = 0. What are the prime factors of g?
2, 11
Let p be 2*-3*(-2)/6. Suppose 5*n + 4*c - 2250 = p*n, 0 = 3*n + 3*c - 2247. List the prime factors of n.
2, 373
What are the prime factors of 2/6 - 2113727/(-849)?
2, 3, 5, 83
Let m(r) = r**2 - r + 19. Let f(u) = -u**3 - 15*u**2 - 16*u - 30. Let l be f(-14). Let a be (l/((-10)/(-75)))/1. List the prime factors of m(a).
7, 37
Let i(x) = x**2 - 20*x - 70. Let w be i(18). Let n = 142 + w. What are the prime factors of n?
2, 3
Suppose 12*c - 9*c - 9 = 0. Suppose 12 = -c*y + 33. Suppose 3*d + 5*x = 351, 0 = 2*d + y*x - 2*x - 229. What are the prime factors of d?
2, 61
List the prime factors of (-212766)/(-12) + 17 + (-1)/(-2).
2, 3, 17, 29
What are the prime factors of 1 + (-39513)/(-21) + ((-24)/28)/(-2)?
7, 269
Let y be (5/(-3))/(36/(-60804)). Suppose -3*n = -2*a - y, -10*a + 12*a = -3*n + 2819. What are the prime factors of n?
3, 313
Let y be (-6)/(-6) + -2 - (0 + -11). Suppose -y*b = -19*b + 8874. List the prime factors of b.
2, 17, 29
Let s(v) = -31*v**2 - 13*v + 10. Let t be s(4). Let z = -277 - t. List the prime factors of z.
3, 29
Let z be (-2)/(4*4/(-40)). Suppose 5*d = 3*c - 386, 5*c = -z*d + d + 668. What are the prime factors of c?
2, 3, 11
Let q(s) = s**3 + 7*s**2 - 9*s + 10. Let k be q(-8). Suppose -12*l - 1764 = -k*l. What are the prime factors of l?
2, 3, 7
Let s be 1*(-2)/8 + 1/4. Suppose 0 = -0*a - s*a + a. List the prime factors of (-7 - a)*(7 + -11).
2, 7
Let s = -5 - -37. Suppose 2*q + 74 = s. Let a = q + 76. List the prime factors of a.
5, 11
Let o(a) = -a**2 + 8*a - 53. Let k be o(10). Let z = k - 35. Let x = -77 - z. List the prime factors of x.
31
Suppose 0 = 3*s - 0*l + 5*l + 4, -3*l + 12 = 0. What are the prime factors of s/24*(0 + -9) - -223?
2, 113
Let w(s) be the second derivative of 5*s + 1/4*s**4 - 15*s**2 + s**3 + 0. What are the prime factors of w(-7)?
3, 5
List the prime factors of -3 - (1/(5/(-12950)))/((-3)/(-6)).
31, 167
Suppose 215*x - 186426 + 8392 - 17401 = 0. What are the prime factors of x?
3, 101
Suppose 0 = 4*t + 4 - 44. Let w = -285 + 273. What are the prime factors of w/t*870/(-12)?
3, 29
Let l be (1 + -1 - 4) + 1*49. Let o = -43 + l. Suppose 3*h = 4*h - 5*t - 248, o*t = -2*h + 448. List the prime factors of h.
2, 3, 19
Suppose 155*u - 161*u + 24 = 0. List the prime factors of u/(-9) + (-4977)/(-81).
61
Let z = 33 - 30. Suppose 0 = 5*m + z*n - 35, -2*n = -3*m + n + 21. Suppose -m*t + 212 = -138. List the prime factors of t.
2, 5
Let w(z) = 13*z**2 + 7*z - 8. Suppose 0 = 8*a + 2 - 58. What are the prime factors of w(a)?
2, 3, 113
Let n(s) = -385*s + 65. What are the prime factors of n(-34)?
3, 5, 877
Suppose 6 = -i - 5*q, 3 = 2*i + q - 3. Suppose 2*g = -2*g + 5*r + 2835, i*r - 3554 = -5*g. What are the prime factors of g?
2, 5, 71
Let c = 56 + -57. Let k be (((-3)/(-3) + -1)*c)/2. Suppose -y + 12 + 56 = k. What are the prime factors of y?
2, 17
Let f(x) = 382*x + 21712. What are the prime factors of f(0)?
2, 23, 59
Let u be 2/(4 - 2) - (-45)/15. Let x(w) = w**3 + 5*w**2 - 3*w + 2. Let h be x(u). List the prime factors of 6*(30/9 + -4) + h.
2, 5, 13
What are the prime factors of (1226/6)/((-22)/(-528))?
2, 613
Suppose 0 = d - d + 8*d - 100176. What are the prime factors of d?
2, 3, 2087
List the prime factors of 8/(-20) + (-1287)/(-5).
257
Let o = -341 - -530. Let h = o + 129. List the prime factors of h.
2, 3, 53
Let c(g) = 46*g + 95. Suppose 7*a - 6*a + 5*u = 2, -3*a + 23 = -2*u. List the prime factors of c(a).
3, 139
Let s(a) = -24*a + 4. Suppose v = -7*v - 24. Let w be s(v). Let o = -30 + w. List the prime factors of o.
2, 23
Let o = 61 + -43. Let y = o - -1. Suppose -3*f - 5*h + y = -h, -f = 2*h - 3. List the prime factors of f.
13
Let n = -754 - -6423. List the prime factors of n.
5669
Suppose -300 = -14*l + 2*l. Suppose -l*k = -18*k - 161. List the prime factors of k.
23
Let z = -263 - -385. Let a = 212 - z. What are the prime factors of 586/4 + 1 + (-45)/a?
3, 7
Suppose 3*c - 3930 = -3*n, -2*n - 3*c - 661 = -3286. List the prime factors of n.
3, 5, 29
Let p be (2 - (-7)/(-2))*30. Let k = -45 - p. Suppose -5*n + 4*f + 679 = f, k = -5*n + f + 673. What are the prime factors of n?
2, 67
Let f(r) = -30*r - 187. Suppose 22*m + 26 + 414 = 0. List the prime factors of f(m).
7, 59
Let i = -3 + 7. Suppose -5*s - 35 + 51 = -3*f, -5*s - f + 28 = 0. Suppose -y + 6*l = i*l - 120, 0 = -s*y + 3*l + 572. What are the prime factors of y?
2, 7
Suppose 3*d = 0, 3*f + 14606 = 2*d + 180635. List the prime factors of f.
55343
Let b(r) = r**2 - 45*r + 43. Let z be b(21). Let f = z + 819. What are the prime factors of f?
2, 179
Let s = 114 + -112. Suppose 4*y + 974 = s*v + 352, 4*y + 927 = 3*v. What are the prime factors of v?
5, 61
Suppose -12*v = -19*v - 42*v + 201978. What are the prime factors of v?
2, 3, 229
Let m be -6*(-1 + -3)/12. Suppose 0 = -2*s - 3*p + 473, s + 2*s - 677 = m*p. Let t = -95 + s. What are the prime factors of t?
2, 67
Let w(g) = 2*g**2 - 4*g - 10. Suppose 5*u - 3*t = t + 126, -2*t + 28 = u. Let d = -20 + u. What are the prime factors of w(d)?
2, 19
Suppose 5*r - 3*k + 4*k - 63833 = 0, 3*r = 7*k + 38239. List the prime factors of r.
3, 5, 23, 37
Let s(f) be the third derivative of -1/6*f**3 + 19/24*f**4 + 0*f + 32*f**2 + 0. List the prime factors of s(3).
2, 7
Suppose 0*p + 4 = b + 5*p, 4*b = p + 16. Let g be (12/3 - 2)*242. Suppose 0 = 3*h + 5*j - g, -b*j - 1019 + 331 = -4*h. List the prime factors of h.
2, 3, 7
Let m(y) = 15*y**2 - 136*y - 4284. List the prime factors of m(-35).
7, 2693
Suppose 0 = -q - 1, 4*q - 46 = 14*w - 15*w. Suppose -8*g + 105 = -3*g + m, -2*m + 12 = g. Let d = g + w. List the prime factors of d.
2, 3
Suppose 151*y - 79040 = 138*y. What are the prime factors of y?
2, 5, 19
Let n be (8/(-16))/(3/(-288)). Suppose -51*o = -n*o - 66. List the prime factors of o.
2, 11
Suppose 4143 = 3*h - 5*y, -h - 4*y + 6*y = -1382. Suppose 0 = 4*o - m - 2756, 2*o + 2*m - 3*m = h. Suppose 11*s - o = 5*s. What are the prime factors of s?
5, 23
Suppose -6*u + u + 4*u = 0. Suppose -13 + 1 = 3*z, -2*g + z + 102 = u. Let l = 22 + g. What are the prime factors of l?
71
Let i be (-22)/(-143) + 1164/39. List the prime factors of 10/i + (2942/3)/1.
3, 109
Suppose -53 = -a - 20. Suppose 0 = a*h - 2663 - 3211. What are the prime factors of h?
2, 89
Let h(v) = 16 + 4*v - 3*v + 4*v. List the prime factors of h(28).
2, 3, 13
Suppose -254932 + 292701 = 49*c - 697819. List the prime factors of c.
2, 3, 139
Suppose 3*i = -9, -92*i + 95*i + 1194 = w. List the prime factors of w.
3, 5, 79
Suppose -4*t + 6*t = 4. Suppose 3*r - 2*x = -25, t*r - 4*r - 4*x = -10. Let n(j) = -42*j + 8. What are the prime factors of n(r)?
2, 109
Suppose 1619443 + 596865 - 477697 = 63*a. List the prime factors of a.
3, 9199
Suppose 48126 = 26*r - 0*r - 13*r. What are the prime factors of r?
2, 3, 617
S